{"id":392,"date":"2023-06-17T16:21:01","date_gmt":"2023-06-17T19:21:01","guid":{"rendered":"https:\/\/demosites.royal-elementor-addons.com\/landing-page-business-v1\/?page_id=6"},"modified":"2023-08-14T23:14:10","modified_gmt":"2023-08-15T02:14:10","slug":"home-landing-page-business-v1","status":"publish","type":"page","link":"https:\/\/hiperlimpo.net\/","title":{"rendered":"Home"},"content":{"rendered":"<h2>\n\t\t\t\t\t\t\tSolu\u00e7\u00f5es em<br \/>\n\t\t\t\t\t\t\t\t\t<b>Higiene &amp; limpeza<\/b><br \/>\n\t\t\t\t\t\t\t\t\t<b>Embalagens<\/b><br \/>\n\t\t\t\t\t\t\t\t\t<b>Descart\u00e1veis<\/b><br \/>\n\t\t<\/h2>\n<p>\t\t<a data-text=\"Go\" href=\"https:\/\/api.whatsapp.com\/send?phone=5547988644746\" target=\"_blank\" id=\"botaum\" rel=\"noopener\"><br \/>\n\t\t\t\t\t\t\t\t\tENTRAR EM CONTATO<br \/>\n\t\t<\/a><\/p>\n<style>\/*! elementor - v3.14.0 - 26-06-2023 *\/\n.elementor-heading-title{padding:0;margin:0;line-height:1}.elementor-widget-heading .elementor-heading-title[class*=elementor-size-]>a{color:inherit;font-size:inherit;line-height:inherit}.elementor-widget-heading .elementor-heading-title.elementor-size-small{font-size:15px}.elementor-widget-heading .elementor-heading-title.elementor-size-medium{font-size:19px}.elementor-widget-heading .elementor-heading-title.elementor-size-large{font-size:29px}.elementor-widget-heading .elementor-heading-title.elementor-size-xl{font-size:39px}.elementor-widget-heading .elementor-heading-title.elementor-size-xxl{font-size:59px}<\/style>\n<h4>Precisando de produtos com qualidade e pre\u00e7o justo?<\/h4>\n<h1>Ampla variedade de produtos de limpeza, utens\u00edlios, papelaria, descart\u00e1veis e sacolas!<\/h1>\n<style>.elementor-widget-image-box .elementor-image-box-content{width:100%}@media (min-width:768px){.elementor-widget-image-box.elementor-position-left .elementor-image-box-wrapper,.elementor-widget-image-box.elementor-position-right .elementor-image-box-wrapper{display:flex}.elementor-widget-image-box.elementor-position-right .elementor-image-box-wrapper{text-align:right;flex-direction:row-reverse}.elementor-widget-image-box.elementor-position-left .elementor-image-box-wrapper{text-align:left;flex-direction:row}.elementor-widget-image-box.elementor-position-top .elementor-image-box-img{margin:auto}.elementor-widget-image-box.elementor-vertical-align-top .elementor-image-box-wrapper{align-items:flex-start}.elementor-widget-image-box.elementor-vertical-align-middle .elementor-image-box-wrapper{align-items:center}.elementor-widget-image-box.elementor-vertical-align-bottom .elementor-image-box-wrapper{align-items:flex-end}}@media (max-width:767px){.elementor-widget-image-box .elementor-image-box-img{margin-left:auto!important;margin-right:auto!important;margin-bottom:15px}}.elementor-widget-image-box .elementor-image-box-img{display:inline-block}.elementor-widget-image-box .elementor-image-box-title a{color:inherit}.elementor-widget-image-box .elementor-image-box-wrapper{text-align:center}.elementor-widget-image-box .elementor-image-box-description{margin:0}<\/style>\n<figure><img decoding=\"async\" width=\"1574\" height=\"736\" src=\"http:\/\/hiperlimpo.net\/wp-content\/uploads\/2023\/08\/produtos-quimicos-odorizantes.jpg\" alt=\"produtos qu\u00edmicos e odorizantes\" loading=\"lazy\" \/><\/figure>\n<h2>Produtos de limpeza (qu\u00edmicos e odorizantes)<\/h2>\n<figure><img decoding=\"async\" width=\"877\" height=\"460\" src=\"http:\/\/hiperlimpo.net\/wp-content\/uploads\/2023\/08\/descartaveis-e1691778509244.jpg\" alt=\"descart\u00e1veis\" loading=\"lazy\" \/><\/figure>\n<h3>Descart\u00e1veis e embalagens<\/h3>\n<figure><img decoding=\"async\" width=\"877\" height=\"718\" src=\"http:\/\/hiperlimpo.net\/wp-content\/uploads\/2023\/08\/sacolixo.jpg\" alt=\"sacos de lixo\" loading=\"lazy\" \/><\/figure>\n<h3>Sacos de lixo, sacolas e pl\u00e1sticos PE e PP<\/h3>\n<figure><img decoding=\"async\" width=\"877\" height=\"718\" src=\"http:\/\/hiperlimpo.net\/wp-content\/uploads\/2023\/08\/papelaria.jpg\" alt=\"itens de papelaria\" loading=\"lazy\" \/><\/figure>\n<h3>Artigos de Papelaria<\/h3>\n<figure><img decoding=\"async\" width=\"877\" height=\"718\" src=\"http:\/\/hiperlimpo.net\/wp-content\/uploads\/2023\/08\/utensilios-limpeza.jpg\" alt=\"utens\u00edlios de limpeza\" loading=\"lazy\" \/><\/figure>\n<h3>Materiais de limpeza<\/h3>\n<h2>Quais s\u00e3o os benef\u00edcios ?<\/h2>\n<link rel=\"stylesheet\" href=\"https:\/\/hiperlimpo.net\/wp-content\/uploads\/elementor\/css\/custom-widget-icon-box.min.css?ver=1690144379\">\n<h2>\n\t\t\t\t\t\tDiversidade de produtos de alta qualidade<br \/>\n\t\t\t\t<\/h2>\n<p>\n\t\t\t\t\t\tA Hiperlimpo oferece uma ampla variedade de produtos de higiene, limpeza, embalagens e descart\u00e1veis, garantindo que seus clientes tenham acesso a op\u00e7\u00f5es de alta qualidade para atender \u00e0s suas necessidades espec\u00edficas. Essa diversidade permite que os clientes encontrem tudo o que precisam em um \u00fanico lugar, tornando suas compras mais convenientes e eficientes.\t\t\t\t\t<\/p>\n<h3>\n\t\t\t\t\t\tMelhor economia<br \/>\n\t\t\t\t<\/h3>\n<p>\n\t\t\t\t\t\tEconomize comprando produtos de qualidade para escrit\u00f3rios, empresas, condom\u00ednios, restaurantes, galp\u00f5es log\u00edsticos e outros clientes que precisam adquirir regularmente produtos de higiene e limpeza, embalagens e descart\u00e1veis em grandes quantidades. Pre\u00e7os acess\u00edveis ajudam a otimizar os custos operacionais desses clientes, permitindo que eles economizem recursos financeiros.\t\t\t\t\t<\/p>\n<h3>\n\t\t\t\t\t\tRespeito ao meio ambiente<br \/>\n\t\t\t\t<\/h3>\n<p>\n\t\t\t\t\t\tA Hiperlimpo estabelece princ\u00edpios de excel\u00eancia ao garantir que seus produtos e opera\u00e7\u00f5es tenham o maior respeito pelo meio ambiente. Essa postura ambientalmente consciente \u00e9 cada vez mais valorizada pelos consumidores e empresas que buscam reduzir seu impacto ecol\u00f3gico. Ao adquirirem produtos da Hiperlimpo, os clientes podem ter a certeza de que est\u00e3o fazendo escolhas sustent\u00e1veis.\t\t\t\t\t<\/p>\n<h3>\n\t\t\t\t\t\tAtendimento ao cliente de excel\u00eancia<br \/>\n\t\t\t\t<\/h3>\n<p>\n\t\t\t\t\t\tA miss\u00e3o da empresa \u00e9 oferecer o melhor atendimento ao cliente. Isso implica em estar sempre dispon\u00edvel para atender \u00e0s exig\u00eancias dos clientes e superar suas expectativas. O servi\u00e7o de entrega personalizada permite que os clientes recebam os produtos onde e quando precisarem, tornando a experi\u00eancia de compra mais conveniente. Al\u00e9m disso, a presen\u00e7a de uma loja f\u00edsica em uma das principais ruas da cidade facilita o acesso e a intera\u00e7\u00e3o direta com a empresa. O atendimento de excel\u00eancia cria um relacionamento s\u00f3lido com os clientes, fomentando a fidelidade e o boca-a-boca positivo.\t\t\t\t\t<\/p>\n<h2>Na Hiperlimpo voc\u00ea pode confiar!<\/h2>\n<style>\/*! elementor - v3.14.0 - 26-06-2023 *\/\n.elementor-counter .elementor-counter-number-wrapper{display:flex;font-size:69px;font-weight:600;line-height:1}.elementor-counter .elementor-counter-number-prefix,.elementor-counter .elementor-counter-number-suffix{flex-grow:1;white-space:pre-wrap}.elementor-counter .elementor-counter-number-prefix{text-align:right}.elementor-counter .elementor-counter-number-suffix{text-align:left}.elementor-counter .elementor-counter-title{text-align:center;font-size:19px;font-weight:400;line-height:2.5}<\/style>\n<p>\t\t\t\t+<br \/>\n\t\t\t\t0<br \/>\n\t\t\t\tk<br \/>\n\t\t\t\t\t\t\tProdutos vendidos<br \/>\n\t\t\t\t0<br \/>\n\t\t\t\t%<br \/>\n\t\t\t\t\t\t\tSatisfa\u00e7\u00e3o<br \/>\n\t\t\t\t0<br \/>\n\t\t\t\t\t\t\tAnos de experi\u00eancia<\/p>\n<h2>Sobre a Hiperlimpo<\/h2>\n<style>\/*! elementor - v3.14.0 - 26-06-2023 *\/\n.elementor-widget-image{text-align:center}.elementor-widget-image a{display:inline-block}.elementor-widget-image a img[src$=\".svg\"]{width:48px}.elementor-widget-image img{vertical-align:middle;display:inline-block}<\/style>\n<p>\t\t\t\t\t\t\t\t\t\t\t\t<img decoding=\"async\" width=\"700\" height=\"496\" src=\"http:\/\/hiperlimpo.net\/wp-content\/uploads\/2023\/08\/empresa-fachada.jpg\" alt=\"fachada loja hiperlimpo em itaja\u00ed - sc\" loading=\"lazy\" srcset=\"https:\/\/hiperlimpo.net\/wp-content\/uploads\/2023\/08\/empresa-fachada.jpg 700w, https:\/\/hiperlimpo.net\/wp-content\/uploads\/2023\/08\/empresa-fachada-300x213.jpg 300w\" sizes=\"(max-width: 700px) 100vw, 700px\" \/>\t\t\t\t\t\t\t\t\t\t\t\t\t\t\t<\/p>\n<p>Fundada em 2017, a\u00a0Hiperlimpo originalmente era\u00a0uma\u00a0Loja e Distribuidora de Produtos de Higiene e Limpeza por\u00e9m\u00a0no ano de 2020\u00a0 ampliou\u00a0o seu Mix entrando tamb\u00e9m\u00a0no ramo de Embalagens e Descart\u00e1veis\u00a0para atender seus clientes na regi\u00e3o de Itaja\u00ed.<\/p>\n<p>Trabalhamos muito para estabelecer princ\u00edpios de excel\u00eancia, como atender \u00e0s exig\u00eancias e superar as expectativas dos clientes, com ampla variedade de produtos de alta qualidade ao menor pre\u00e7o, sempre mostrando o maior respeito pelo meio ambiente.<\/p>\n<p>Al\u00e9m da ampla variedade de produtos a pre\u00e7os acess\u00edveis, nossa miss\u00e3o \u00e9 oferecer o melhor atendimento ao cliente. Atendemos escrit\u00f3rios, empresas, condom\u00ednios, restaurantes, galp\u00f5es log\u00edsticos entre outros com nossa\u00a0entrega personalizada e na nossa loja f\u00edsica em uma das principais ruas\u00a0da cidade.<\/p>\n<p>\t\t<a data-text=\"Go\" href=\"https:\/\/api.whatsapp.com\/send?phone=5547988644746\" target=\"_blank\" id=\"botaum\" rel=\"noopener\"><br \/>\n\t\t\t\t\t\t\t\t\tENTRAR EM CONTATO<br \/>\n\t\t<\/a><br \/>\n\t\t\t\t\t\t\t\t\t\t\t\t\t\t\t<img decoding=\"async\" width=\"900\" height=\"900\" src=\"http:\/\/hiperlimpo.net\/wp-content\/uploads\/2023\/06\/pic-13.jpg\" alt=\"depoimento clientes\" loading=\"lazy\" srcset=\"https:\/\/hiperlimpo.net\/wp-content\/uploads\/2023\/06\/pic-13.jpg 900w, https:\/\/hiperlimpo.net\/wp-content\/uploads\/2023\/06\/pic-13-300x300.jpg 300w, https:\/\/hiperlimpo.net\/wp-content\/uploads\/2023\/06\/pic-13-150x150.jpg 150w, https:\/\/hiperlimpo.net\/wp-content\/uploads\/2023\/06\/pic-13-768x768.jpg 768w\" sizes=\"(max-width: 900px) 100vw, 900px\" \/>\t\t\t\t\t\t\t\t\t\t\t\t\t\t\t<\/p>\n<h2>Depoimentos<\/h2>\n<h2>Veja o que os clientes falam da Hiperlimpo<\/h2>\n<p>\t\t\t\t<img decoding=\"async\" src=\"http:\/\/hiperlimpo.net\/wp-content\/uploads\/2023\/08\/Captura-de-tela-2023-08-14-230214.png\" alt=\"Maria Eduarda\"><br \/>\n\t\t\t\t\t\t\tMaria Eduarda<br \/>\n\t\t\t\t\t\t\tEmpreendedora<br \/>\n\t\t\t\t\t\t\t\t\t\t\t\t<i>&#9734;<\/i><br \/>\n\t\t\t\t\t     \t\t\t\t\t\t\t\t\t\t<i>&#9734;<\/i><br \/>\n\t\t\t\t\t     \t\t\t\t\t\t\t\t\t\t<i>&#9734;<\/i><br \/>\n\t\t\t\t\t     \t\t\t\t\t\t\t\t\t\t<i>&#9734;<\/i><br \/>\n\t\t\t\t\t     \t\t\t\t\t\t\t\t\t\t<i>&#9734;<\/i><\/p>\n<p><p>Na pandemia fiquei desempregada e comecei a fazer bolos de pote para empreender. Agrade\u00e7o muito a Hiperlimpo por fazer parte dessa trajet\u00f3ria, oferecendo produtos de qualidade com pre\u00e7o justo!<\/p>\n<\/p>\n<p>\t\t\t\t<img decoding=\"async\" src=\"http:\/\/hiperlimpo.net\/wp-content\/uploads\/2023\/08\/Captura-de-tela-2023-08-14-230151.png\" alt=\"Marcos Oliveira\"><br \/>\n\t\t\t\t\t\t\tMarcos Oliveira<br \/>\n\t\t\t\t\t\t\tGerente<br \/>\n\t\t\t\t\t\t\t\t\t\t\t\t<i>&#9734;<\/i><br \/>\n\t\t\t\t\t     \t\t\t\t\t\t\t\t\t\t<i>&#9734;<\/i><br \/>\n\t\t\t\t\t     \t\t\t\t\t\t\t\t\t\t<i>&#9734;<\/i><br \/>\n\t\t\t\t\t     \t\t\t\t\t\t\t\t\t\t<i>&#9734;<\/i><br \/>\n\t\t\t\t\t     \t\t\t\t\t\t\t\t\t\t<i>&#9734;<\/i><\/p>\n<p><p>Como gerente de um escrit\u00f3rio movimentado, a efici\u00eancia \u00e9 crucial em todas as \u00e1reas, incluindo a aquisi\u00e7\u00e3o de suprimentos. A Hiperlimpo se tornou minha fornecedora preferida. Eles entendem as necessidades corporativas e oferecem produtos de alta qualidade a pre\u00e7os competitivos. Nossa equipe depende dos produtos de higiene e limpeza para manter nosso ambiente de trabalho saud\u00e1vel e organizado, e a variedade que eles oferecem \u00e9 incr\u00edvel. Al\u00e9m disso, a se\u00e7\u00e3o de papelaria \u00e9 um verdadeiro para\u00edso para qualquer amante de escrit\u00f3rio, com op\u00e7\u00f5es que atendem desde as tarefas di\u00e1rias at\u00e9 as mais complexas. Estamos muito satisfeitos com os produtos e o atendimento! ao cliente excepcional que recebemos.<\/p>\n<\/p>\n<p>\t\t\t\t<img decoding=\"async\" src=\"http:\/\/hiperlimpo.net\/wp-content\/uploads\/2023\/08\/Captura-de-tela-2023-08-14-230140.png\" alt=\"Maria Santos\"><br \/>\n\t\t\t\t\t\t\tMaria Santos<br \/>\n\t\t\t\t\t\t\tProfessora<br \/>\n\t\t\t\t\t\t\t\t\t\t\t\t<i>&#9734;<\/i><br \/>\n\t\t\t\t\t     \t\t\t\t\t\t\t\t\t\t<i>&#9734;<\/i><br \/>\n\t\t\t\t\t     \t\t\t\t\t\t\t\t\t\t<i>&#9734;<\/i><br \/>\n\t\t\t\t\t     \t\t\t\t\t\t\t\t\t\t<i>&#9734;<\/i><br \/>\n\t\t\t\t\t     \t\t\t\t\t\t\t\t\t\t<i>&#9734;<\/i><\/p>\n<p><p>&#8220;Como professora, estou constantemente em busca de materiais para manter minha sala de aula funcionando sem problemas. A Hiperlimpo se tornou minha escolha n\u00famero um quando se trata de suprimentos escolares. Eles t\u00eam uma variedade impressionante de produtos, desde produtos de limpeza que ajudam a manter o ambiente escolar higienizado at\u00e9 materiais de papelaria criativos que ajudam a tornar minhas aulas mais envolventes. Al\u00e9m disso, a se\u00e7\u00e3o de descart\u00e1veis \u00e9 uma m\u00e3o na roda para eventos escolares e festas. Estou grata por ter uma fonte confi\u00e1vel e diversificada de produtos que fazem toda a diferen\u00e7a na minha pr\u00e1tica educacional.&#8221;<\/p>\n<\/p>\n<p>\t\t\t\t\t<svg version=\"1.1\" xmlns=\"http:\/\/www.w3.org\/2000\/svg\" xmlns:xlink=\"http:\/\/www.w3.org\/1999\/xlink\" x=\"0px\" y=\"0px\" viewBox=\"0 0 283.4 512\" style=\"enable-background:new 0 0 283.4 512;\" xml:space=\"preserve\"><g><polygon points=\"54.5,256.3 283.4,485.1 256.1,512.5 0,256.3 0,256.3 27.2,229 256.1,0 283.4,27.4 \"\/><\/g><\/svg><br \/>\n\t\t\t\t\t<svg version=\"1.1\" xmlns=\"http:\/\/www.w3.org\/2000\/svg\" xmlns:xlink=\"http:\/\/www.w3.org\/1999\/xlink\" x=\"0px\" y=\"0px\" viewBox=\"0 0 283.4 512\" style=\"enable-background:new 0 0 283.4 512;\" xml:space=\"preserve\"><g><polygon points=\"54.5,256.3 283.4,485.1 256.1,512.5 0,256.3 0,256.3 27.2,229 256.1,0 283.4,27.4 \"\/><\/g><\/svg><\/p>\n","protected":false},"excerpt":{"rendered":"<p>Solu\u00e7\u00f5es em Higiene &amp; limpeza Embalagens Descart\u00e1veis ENTRAR EM CONTATO Precisando de produtos com qualidade e pre\u00e7o justo? Ampla variedade de produtos de limpeza, utens\u00edlios, papelaria, descart\u00e1veis e sacolas! Produtos de limpeza (qu\u00edmicos e odorizantes) Descart\u00e1veis e embalagens Sacos de lixo, sacolas e pl\u00e1sticos PE e PP Artigos de Papelaria Materiais de limpeza Quais s\u00e3o [&hellip;]<\/p>\n","protected":false},"author":1,"featured_media":0,"parent":0,"menu_order":0,"comment_status":"closed","ping_status":"closed","template":"elementor_canvas","meta":{"_seopress_robots_primary_cat":"","footnotes":""},"_links":{"self":[{"href":"https:\/\/hiperlimpo.net\/index.php\/wp-json\/wp\/v2\/pages\/392"}],"collection":[{"href":"https:\/\/hiperlimpo.net\/index.php\/wp-json\/wp\/v2\/pages"}],"about":[{"href":"https:\/\/hiperlimpo.net\/index.php\/wp-json\/wp\/v2\/types\/page"}],"author":[{"embeddable":true,"href":"https:\/\/hiperlimpo.net\/index.php\/wp-json\/wp\/v2\/users\/1"}],"replies":[{"embeddable":true,"href":"https:\/\/hiperlimpo.net\/index.php\/wp-json\/wp\/v2\/comments?post=392"}],"version-history":[{"count":121,"href":"https:\/\/hiperlimpo.net\/index.php\/wp-json\/wp\/v2\/pages\/392\/revisions"}],"predecessor-version":[{"id":764,"href":"https:\/\/hiperlimpo.net\/index.php\/wp-json\/wp\/v2\/pages\/392\/revisions\/764"}],"wp:attachment":[{"href":"https:\/\/hiperlimpo.net\/index.php\/wp-json\/wp\/v2\/media?parent=392"}],"curies":[{"name":"wp","href":"https:\/\/api.w.org\/{rel}","templated":true}]}}